{"id":60,"date":"2013-04-20T19:43:48","date_gmt":"2013-04-20T19:43:48","guid":{"rendered":"http:\/\/www.centroeducacionintegral.es\/?page_id=60"},"modified":"2013-04-20T19:55:36","modified_gmt":"2013-04-20T19:55:36","slug":"presentacion","status":"publish","type":"page","link":"https:\/\/www.teresalv.com\/centrodeeducacionintegral\/presentacion\/","title":{"rendered":"Presentaci\u00f3n"},"content":{"rendered":"<p>El <span style=\"color: #993366;\"><strong>Centro de Educaci\u00f3n Integral\u00ae<\/strong><\/span> da respuesta a diversas problem\u00e1ticas, tales como:<\/p>\n<ul>\n<li><strong>Dificultades espec\u00edficas de aprendizaje:<\/strong> trastorno de lectura, trastorno de la expresi\u00f3n escrita, trastorno de c\u00e1lculo, trastorno del aprendizaje no especificado.<\/li>\n<li><strong>Dificultades de la comunicaci\u00f3n:<\/strong> trastorno del lenguaje expresivo, trastorno mixto del lenguaje expresivo-receptivo, trastorno fonol\u00f3gico, tartamudeo, disfon\u00edas.<\/li>\n<li><strong>Dificultades por d\u00e9ficit de atenci\u00f3n y comportamiento perturbador:<\/strong> trastorno con d\u00e9ficit de atenci\u00f3n con o sin hiperactividad, trastorno disocial, trastorno negativista desafiante, trastorno de comportamiento perturbador no especificado.<\/li>\n<li><strong>Dificultades por otros trastornos:<\/strong> ansiedad, depresi\u00f3n, fobias, duelo, p\u00e9rdidas y separaciones.<\/li>\n<li><strong>Problemas de relaci\u00f3n:<\/strong> conflictos de pareja, dificultades familiares, problemas de relaci\u00f3n entre iguales (laborales y\/o escolares).<\/li>\n<li><strong>Problemas adicionales que pueden ser objeto de atenci\u00f3n especial:<\/strong> comportamiento antisocial en la ni\u00f1ez o la adolescencia, capacidad intelectual l\u00edmite, problemas de aculturaci\u00f3n o biogr\u00e1fico, identidad de g\u00e9nero.<\/li>\n<\/ul>\n<h2>QUI\u00c9NES SOMOS<\/h2>\n<p><strong> Gema Linde Valenzuela.<\/strong><\/p>\n<p>Psic\u00f3loga especializada en Gestalt y Bioenerg\u00e9tica, formada en Musicoterapia por el CIM de Bilbao, T\u00e9cnica Superior en Igualdad de G\u00e9nero y Formadora Ocupacional. Atiende consulta psicol\u00f3gica desde el a\u00f1o 1998, labor que compagina con formaci\u00f3n a adultos.<\/p>\n<p>En su curr\u00edculum destaca la elaboraci\u00f3n de talleres dirigidos a mujeres en los que se profundiza en la identidad gen\u00e9rica y la construcci\u00f3n del sistema sexo-g\u00e9nero as\u00ed como en las relaciones que se establecen desde este modelo.<\/p>\n<p>Ha llevado grupos de terapia y crecimiento personal, y escuelas de madres y padres. En la actualidad realiza su actividad desde el Centro de Educaci\u00f3n Integral en M\u00e1laga.<\/p>\n<p><strong> Teresa Linde Valenzuela. <\/strong><\/p>\n<p>Logopeda escolar; Terapeuta Gestalt y Bioenerg\u00e9tica; formada en Psicopedagog\u00eda, especializada en Orientaci\u00f3n laboral e Igualdad de oportunidades.<\/p>\n<p>Experiencia profesional con escolares de diferentes niveles desde el a\u00f1o 1996; como Especialista en elaboraci\u00f3n de Material Did\u00e1ctico para la Comunidad Sorda durante el 2005, y como Formadora de Formaci\u00f3n Profesional Ocupacional y Continua desde el 2007, actividad que simultanea con el desarrollo de su labor en el Centro de Educaci\u00f3n Integral. Ha trabajado con colectivos en riesgo de exclusi\u00f3n: enfermos mentales y j\u00f3venes en Reforma Penitenciaria.<\/p>\n<p>Recientemente ha ampliado su formaci\u00f3n en Educaci\u00f3n Emocional Infantil y en la actualidad coordina las actividades del Centro.<\/p>\n","protected":false},"excerpt":{"rendered":"<p>El Centro de Educaci&oacute;n Integral&reg; da respuesta a diversas problem&aacute;ticas, tales como: Dificultades espec&iacute;ficas de aprendizaje: trastorno de lectura, trastorno de la expresi&oacute;n escrita, trastorno de c&aacute;lculo, trastorno del aprendizaje no especificado. Dificultades de la comunicaci&oacute;n: trastorno del lenguaje expresivo, &hellip; <a href=\"https:\/\/www.teresalv.com\/centrodeeducacionintegral\/presentacion\/\">Sigue leyendo <span class=\"meta-nav\">&rarr;<\/span><\/a><\/p>\n","protected":false},"author":1,"featured_media":0,"parent":0,"menu_order":0,"comment_status":"open","ping_status":"open","template":"","meta":{"footnotes":""},"class_list":["post-60","page","type-page","status-publish","hentry"],"aioseo_notices":[],"aioseo_head":"\n\t\t<!-- All in One SEO 5.0.0.1 - aioseo.com -->\n\t<meta name=\"robots\" content=\"max-image-preview:large\" \/>\n\t<link rel=\"canonical\" href=\"https:\/\/www.teresalv.com\/centrodeeducacionintegral\/presentacion\/\" \/>\n\t<meta name=\"generator\" content=\"All in One SEO (AIOSEO) 5.0.0.1\" \/>\n\t\t<meta property=\"og:locale\" content=\"es_ES\" \/>\n\t\t<meta property=\"og:site_name\" content=\"Centro de Educaci\u00f3n Integral | Otro sitio realizado con WordPress\" \/>\n\t\t<meta property=\"og:type\" content=\"article\" \/>\n\t\t<meta property=\"og:title\" content=\"Presentaci\u00f3n y Quienes somos | Centro de Educaci\u00f3n Integral\" \/>\n\t\t<meta property=\"og:url\" content=\"https:\/\/www.teresalv.com\/centrodeeducacionintegral\/presentacion\/\" \/>\n\t\t<meta property=\"article:published_time\" content=\"2013-04-20T19:43:48+00:00\" \/>\n\t\t<meta property=\"article:modified_time\" content=\"2013-04-20T19:55:36+00:00\" \/>\n\t\t<meta name=\"twitter:card\" content=\"summary\" \/>\n\t\t<meta name=\"twitter:title\" content=\"Presentaci\u00f3n y Quienes somos | Centro de Educaci\u00f3n Integral\" \/>\n\t\t<script type=\"application\/ld+json\" class=\"aioseo-schema\">\n\t\t\t{\"@context\":\"https:\\\/\\\/schema.org\",\"@graph\":[{\"@type\":\"BreadcrumbList\",\"@id\":\"https:\\\/\\\/www.teresalv.com\\\/centrodeeducacionintegral\\\/presentacion\\\/#breadcrumblist\",\"itemListElement\":[{\"@type\":\"ListItem\",\"@id\":\"https:\\\/\\\/www.teresalv.com\\\/centrodeeducacionintegral#listItem\",\"position\":1,\"name\":\"Inicio\",\"item\":\"https:\\\/\\\/www.teresalv.com\\\/centrodeeducacionintegral\",\"nextItem\":{\"@type\":\"ListItem\",\"@id\":\"https:\\\/\\\/www.teresalv.com\\\/centrodeeducacionintegral\\\/presentacion\\\/#listItem\",\"name\":\"Presentaci\\u00f3n\"}},{\"@type\":\"ListItem\",\"@id\":\"https:\\\/\\\/www.teresalv.com\\\/centrodeeducacionintegral\\\/presentacion\\\/#listItem\",\"position\":2,\"name\":\"Presentaci\\u00f3n\",\"previousItem\":{\"@type\":\"ListItem\",\"@id\":\"https:\\\/\\\/www.teresalv.com\\\/centrodeeducacionintegral#listItem\",\"name\":\"Inicio\"}}]},{\"@type\":\"Organization\",\"@id\":\"https:\\\/\\\/www.teresalv.com\\\/centrodeeducacionintegral\\\/#organization\",\"name\":\"Centro de Educaci\\u00f3n Integral\",\"description\":\"Otro sitio realizado con WordPress\",\"url\":\"https:\\\/\\\/www.teresalv.com\\\/centrodeeducacionintegral\\\/\"},{\"@type\":\"WebPage\",\"@id\":\"https:\\\/\\\/www.teresalv.com\\\/centrodeeducacionintegral\\\/presentacion\\\/#webpage\",\"url\":\"https:\\\/\\\/www.teresalv.com\\\/centrodeeducacionintegral\\\/presentacion\\\/\",\"name\":\"Presentaci\\u00f3n y Quienes somos | Centro de Educaci\\u00f3n Integral\",\"inLanguage\":\"es-ES\",\"isPartOf\":{\"@id\":\"https:\\\/\\\/www.teresalv.com\\\/centrodeeducacionintegral\\\/#website\"},\"breadcrumb\":{\"@id\":\"https:\\\/\\\/www.teresalv.com\\\/centrodeeducacionintegral\\\/presentacion\\\/#breadcrumblist\"},\"datePublished\":\"2013-04-20T19:43:48+00:00\",\"dateModified\":\"2013-04-20T19:55:36+00:00\"},{\"@type\":\"WebSite\",\"@id\":\"https:\\\/\\\/www.teresalv.com\\\/centrodeeducacionintegral\\\/#website\",\"url\":\"https:\\\/\\\/www.teresalv.com\\\/centrodeeducacionintegral\\\/\",\"name\":\"Centro de Educaci\\u00f3n Integral\",\"description\":\"Otro sitio realizado con WordPress\",\"inLanguage\":\"es-ES\",\"publisher\":{\"@id\":\"https:\\\/\\\/www.teresalv.com\\\/centrodeeducacionintegral\\\/#organization\"}}]}\n\t\t<\/script>\n\t\t<!-- All in One SEO -->\n\n","aioseo_head_json":{"title":"Presentaci\u00f3n y Quienes somos | Centro de Educaci\u00f3n Integral","description":"","canonical_url":"https:\/\/www.teresalv.com\/centrodeeducacionintegral\/presentacion\/","robots":"max-image-preview:large","keywords":"","webmasterTools":{"miscellaneous":""},"schema":{"@context":"https:\/\/schema.org","@graph":[{"@type":"BreadcrumbList","@id":"https:\/\/www.teresalv.com\/centrodeeducacionintegral\/presentacion\/#breadcrumblist","itemListElement":[{"@type":"ListItem","@id":"https:\/\/www.teresalv.com\/centrodeeducacionintegral#listItem","position":1,"name":"Inicio","item":"https:\/\/www.teresalv.com\/centrodeeducacionintegral","nextItem":{"@type":"ListItem","@id":"https:\/\/www.teresalv.com\/centrodeeducacionintegral\/presentacion\/#listItem","name":"Presentaci\u00f3n"}},{"@type":"ListItem","@id":"https:\/\/www.teresalv.com\/centrodeeducacionintegral\/presentacion\/#listItem","position":2,"name":"Presentaci\u00f3n","previousItem":{"@type":"ListItem","@id":"https:\/\/www.teresalv.com\/centrodeeducacionintegral#listItem","name":"Inicio"}}]},{"@type":"Organization","@id":"https:\/\/www.teresalv.com\/centrodeeducacionintegral\/#organization","name":"Centro de Educaci\u00f3n Integral","description":"Otro sitio realizado con WordPress","url":"https:\/\/www.teresalv.com\/centrodeeducacionintegral\/"},{"@type":"WebPage","@id":"https:\/\/www.teresalv.com\/centrodeeducacionintegral\/presentacion\/#webpage","url":"https:\/\/www.teresalv.com\/centrodeeducacionintegral\/presentacion\/","name":"Presentaci\u00f3n y Quienes somos | Centro de Educaci\u00f3n Integral","inLanguage":"es-ES","isPartOf":{"@id":"https:\/\/www.teresalv.com\/centrodeeducacionintegral\/#website"},"breadcrumb":{"@id":"https:\/\/www.teresalv.com\/centrodeeducacionintegral\/presentacion\/#breadcrumblist"},"datePublished":"2013-04-20T19:43:48+00:00","dateModified":"2013-04-20T19:55:36+00:00"},{"@type":"WebSite","@id":"https:\/\/www.teresalv.com\/centrodeeducacionintegral\/#website","url":"https:\/\/www.teresalv.com\/centrodeeducacionintegral\/","name":"Centro de Educaci\u00f3n Integral","description":"Otro sitio realizado con WordPress","inLanguage":"es-ES","publisher":{"@id":"https:\/\/www.teresalv.com\/centrodeeducacionintegral\/#organization"}}]},"og:locale":"es_ES","og:site_name":"Centro de Educaci\u00f3n Integral | Otro sitio realizado con WordPress","og:type":"article","og:title":"Presentaci\u00f3n y Quienes somos | Centro de Educaci\u00f3n Integral","og:url":"https:\/\/www.teresalv.com\/centrodeeducacionintegral\/presentacion\/","article:published_time":"2013-04-20T19:43:48+00:00","article:modified_time":"2013-04-20T19:55:36+00:00","twitter:card":"summary","twitter:title":"Presentaci\u00f3n y Quienes somos | Centro de Educaci\u00f3n Integral"},"aioseo_meta_data":{"post_id":"60","title":"Presentaci\u00f3n y Quienes somos | #site_title","description":null,"keywords":null,"keyphrases":null,"primary_term":null,"canonical_url":null,"og_title":null,"og_description":null,"og_object_type":"default","og_image_type":"default","og_image_url":null,"og_image_width":null,"og_image_height":null,"og_image_custom_url":null,"og_image_custom_fields":null,"og_video":null,"og_custom_url":null,"og_article_section":null,"og_article_tags":null,"twitter_use_og":false,"twitter_card":"default","twitter_image_type":"default","twitter_image_url":null,"twitter_image_custom_url":null,"twitter_image_custom_fields":null,"twitter_title":null,"twitter_description":null,"schema":{"blockGraphs":[],"customGraphs":[],"default":{"data":{"Article":[],"Course":[],"Dataset":[],"FAQPage":[],"Movie":[],"Person":[],"Product":[],"ProductReview":[],"Car":[],"Recipe":[],"Service":[],"SoftwareApplication":[],"WebPage":[]},"graphName":"","isEnabled":true},"graphs":[],"defaultGraph":"","defaultPostTypeGraph":""},"schema_type":null,"schema_type_options":null,"pillar_content":false,"robots_default":true,"robots_noindex":false,"robots_noarchive":false,"robots_nosnippet":false,"robots_nofollow":false,"robots_noimageindex":false,"robots_noodp":false,"robots_notranslate":false,"robots_max_snippet":null,"robots_max_videopreview":null,"robots_max_imagepreview":"large","priority":null,"frequency":null,"location":null,"local_seo":null,"breadcrumb_settings":null,"limit_modified_date":false,"ai":null,"created":"2021-02-15 18:49:54","updated":"2025-06-23 08:14:24","seo_analyzer_scan_date":null,"focus_keyword":null,"additional_keywords":null,"truseo_locale":null},"aioseo_breadcrumb":"<div class=\"aioseo-breadcrumbs\"><span class=\"aioseo-breadcrumb\">\n\t\t\t<a href=\"https:\/\/www.teresalv.com\/centrodeeducacionintegral\" title=\"Inicio\">Inicio<\/a>\n\t\t<\/span><span class=\"aioseo-breadcrumb-separator\">&raquo;<\/span><span class=\"aioseo-breadcrumb\">\n\t\t\tPresentaci\u00f3n\n\t\t<\/span><\/div>","aioseo_breadcrumb_json":[{"label":"Inicio","link":"https:\/\/www.teresalv.com\/centrodeeducacionintegral"},{"label":"Presentaci\u00f3n","link":"https:\/\/www.teresalv.com\/centrodeeducacionintegral\/presentacion\/"}],"_links":{"self":[{"href":"https:\/\/www.teresalv.com\/centrodeeducacionintegral\/wp-json\/wp\/v2\/pages\/60","targetHints":{"allow":["GET"]}}],"collection":[{"href":"https:\/\/www.teresalv.com\/centrodeeducacionintegral\/wp-json\/wp\/v2\/pages"}],"about":[{"href":"https:\/\/www.teresalv.com\/centrodeeducacionintegral\/wp-json\/wp\/v2\/types\/page"}],"author":[{"embeddable":true,"href":"https:\/\/www.teresalv.com\/centrodeeducacionintegral\/wp-json\/wp\/v2\/users\/1"}],"replies":[{"embeddable":true,"href":"https:\/\/www.teresalv.com\/centrodeeducacionintegral\/wp-json\/wp\/v2\/comments?post=60"}],"version-history":[{"count":4,"href":"https:\/\/www.teresalv.com\/centrodeeducacionintegral\/wp-json\/wp\/v2\/pages\/60\/revisions"}],"predecessor-version":[{"id":76,"href":"https:\/\/www.teresalv.com\/centrodeeducacionintegral\/wp-json\/wp\/v2\/pages\/60\/revisions\/76"}],"wp:attachment":[{"href":"https:\/\/www.teresalv.com\/centrodeeducacionintegral\/wp-json\/wp\/v2\/media?parent=60"}],"curies":[{"name":"wp","href":"https:\/\/api.w.org\/{rel}","templated":true}]}}

Presentación

<p>El <span style="color: #993366;"><strong>Centro de Educación Integral®</strong></span> da respuesta a diversas problemáticas, tales como:</p>
<ul>
<li><strong>Dificultades específicas de aprendizaje:</strong> trastorno de lectura, trastorno de la expresión escrita, trastorno de cálculo, trastorno del aprendizaje no especificado.</li>
<li><strong>Dificultades de la comunicación:</strong> trastorno del lenguaje expresivo, trastorno mixto del lenguaje expresivo-receptivo, trastorno fonológico, tartamudeo, disfonías.</li>
<li><strong>Dificultades por déficit de atención y comportamiento perturbador:</strong> trastorno con déficit de atención con o sin hiperactividad, trastorno disocial, trastorno negativista desafiante, trastorno de comportamiento perturbador no especificado.</li>
<li><strong>Dificultades por otros trastornos:</strong> ansiedad, depresión, fobias, duelo, pérdidas y separaciones.</li>
<li><strong>Problemas de relación:</strong> conflictos de pareja, dificultades familiares, problemas de relación entre iguales (laborales y/o escolares).</li>
<li><strong>Problemas adicionales que pueden ser objeto de atención especial:</strong> comportamiento antisocial en la niñez o la adolescencia, capacidad intelectual límite, problemas de aculturación o biográfico, identidad de género.</li>
</ul>
<h2>QUIÉNES SOMOS</h2>
<p><strong> Gema Linde Valenzuela.</strong></p>
<p>Psicóloga especializada en Gestalt y Bioenergética, formada en Musicoterapia por el CIM de Bilbao, Técnica Superior en Igualdad de Género y Formadora Ocupacional. Atiende consulta psicológica desde el año 1998, labor que compagina con formación a adultos.</p>
<p>En su currículum destaca la elaboración de talleres dirigidos a mujeres en los que se profundiza en la identidad genérica y la construcción del sistema sexo-género así como en las relaciones que se establecen desde este modelo.</p>
<p>Ha llevado grupos de terapia y crecimiento personal, y escuelas de madres y padres. En la actualidad realiza su actividad desde el Centro de Educación Integral en Málaga.</p>
<p><strong> Teresa Linde Valenzuela. </strong></p>
<p>Logopeda escolar; Terapeuta Gestalt y Bioenergética; formada en Psicopedagogía, especializada en Orientación laboral e Igualdad de oportunidades.</p>
<p>Experiencia profesional con escolares de diferentes niveles desde el año 1996; como Especialista en elaboración de Material Didáctico para la Comunidad Sorda durante el 2005, y como Formadora de Formación Profesional Ocupacional y Continua desde el 2007, actividad que simultanea con el desarrollo de su labor en el Centro de Educación Integral. Ha trabajado con colectivos en riesgo de exclusión: enfermos mentales y jóvenes en Reforma Penitenciaria.</p>
<p>Recientemente ha ampliado su formación en Educación Emocional Infantil y en la actualidad coordina las actividades del Centro.</p>

<!-- All in One SEO 5.0.0.1 - aioseo.com -->
	<meta name="robots" content="max-image-preview:large" />
	<link rel="canonical" href="https://www.teresalv.com/centrodeeducacionintegral/presentacion/" />
	<meta name="generator" content="All in One SEO (AIOSEO) 5.0.0.1" />
		<meta property="og:locale" content="es_ES" />
		<meta property="og:site_name" content="Centro de Educación Integral | Otro sitio realizado con WordPress" />
		<meta property="og:type" content="article" />
		<meta property="og:title" content="Presentación y Quienes somos | Centro de Educación Integral" />
		<meta property="og:url" content="https://www.teresalv.com/centrodeeducacionintegral/presentacion/" />
		<meta property="article:published_time" content="2013-04-20T19:43:48+00:00" />
		<meta property="article:modified_time" content="2013-04-20T19:55:36+00:00" />
		<meta name="twitter:card" content="summary" />
		<meta name="twitter:title" content="Presentación y Quienes somos | Centro de Educación Integral" />
		<script type="application/ld+json" class="aioseo-schema">
			{"@context":"https:\/\/schema.org","@graph":[{"@type":"BreadcrumbList","@id":"https:\/\/www.teresalv.com\/centrodeeducacionintegral\/presentacion\/#breadcrumblist","itemListElement":[{"@type":"ListItem","@id":"https:\/\/www.teresalv.com\/centrodeeducacionintegral#listItem","position":1,"name":"Inicio","item":"https:\/\/www.teresalv.com\/centrodeeducacionintegral","nextItem":{"@type":"ListItem","@id":"https:\/\/www.teresalv.com\/centrodeeducacionintegral\/presentacion\/#listItem","name":"Presentaci\u00f3n"}},{"@type":"ListItem","@id":"https:\/\/www.teresalv.com\/centrodeeducacionintegral\/presentacion\/#listItem","position":2,"name":"Presentaci\u00f3n","previousItem":{"@type":"ListItem","@id":"https:\/\/www.teresalv.com\/centrodeeducacionintegral#listItem","name":"Inicio"}}]},{"@type":"Organization","@id":"https:\/\/www.teresalv.com\/centrodeeducacionintegral\/#organization","name":"Centro de Educaci\u00f3n Integral","description":"Otro sitio realizado con WordPress","url":"https:\/\/www.teresalv.com\/centrodeeducacionintegral\/"},{"@type":"WebPage","@id":"https:\/\/www.teresalv.com\/centrodeeducacionintegral\/presentacion\/#webpage","url":"https:\/\/www.teresalv.com\/centrodeeducacionintegral\/presentacion\/","name":"Presentaci\u00f3n y Quienes somos | Centro de Educaci\u00f3n Integral","inLanguage":"es-ES","isPartOf":{"@id":"https:\/\/www.teresalv.com\/centrodeeducacionintegral\/#website"},"breadcrumb":{"@id":"https:\/\/www.teresalv.com\/centrodeeducacionintegral\/presentacion\/#breadcrumblist"},"datePublished":"2013-04-20T19:43:48+00:00","dateModified":"2013-04-20T19:55:36+00:00"},{"@type":"WebSite","@id":"https:\/\/www.teresalv.com\/centrodeeducacionintegral\/#website","url":"https:\/\/www.teresalv.com\/centrodeeducacionintegral\/","name":"Centro de Educaci\u00f3n Integral","description":"Otro sitio realizado con WordPress","inLanguage":"es-ES","publisher":{"@id":"https:\/\/www.teresalv.com\/centrodeeducacionintegral\/#organization"}}]}
		</script>
		<!-- All in One SEO -->

Presentación y Quienes somos | Centro de Educación Integral

Centro de Educación Integral

Centro de Educación Integral | Otro sitio realizado con WordPress

Presentación y Quienes somos | #site_title

<div class="aioseo-breadcrumbs"><span class="aioseo-breadcrumb">
			<a href="https://www.teresalv.com/centrodeeducacionintegral" title="Inicio">Inicio</a>
		</span><span class="aioseo-breadcrumb-separator">&raquo;</span><span class="aioseo-breadcrumb">
			Presentación
		</span></div>
